{"id":1389,"date":"2019-03-24T20:43:34","date_gmt":"2019-03-24T23:43:34","guid":{"rendered":"https:\/\/isfd82-bue.infd.edu.ar\/sitio\/?page_id=1389"},"modified":"2026-04-07T00:47:13","modified_gmt":"2026-04-07T03:47:13","slug":"formularios","status":"publish","type":"page","link":"https:\/\/isfd82-bue.infd.edu.ar\/sitio\/formularios\/","title":{"rendered":"Formularios"},"content":{"rendered":"\n<div class=\"wp-block-media-text alignwide is-stacked-on-mobile is-vertically-aligned-center\" style=\"grid-template-columns:17% auto\"><figure class=\"wp-block-media-text__media\"><img decoding=\"async\" loading=\"lazy\" width=\"980\" height=\"980\" src=\"https:\/\/isfd82-bue.infd.edu.ar\/sitio\/wp-content\/uploads\/2025\/05\/LogoDocumentacion.jpg\" alt=\"\" class=\"wp-image-3503 size-full\" srcset=\"https:\/\/isfd82-bue.infd.edu.ar\/sitio\/wp-content\/uploads\/2025\/05\/LogoDocumentacion.jpg 980w, https:\/\/isfd82-bue.infd.edu.ar\/sitio\/wp-content\/uploads\/2025\/05\/LogoDocumentacion-500x500.jpg 500w, https:\/\/isfd82-bue.infd.edu.ar\/sitio\/wp-content\/uploads\/2025\/05\/LogoDocumentacion-768x768.jpg 768w\" sizes=\"(max-width: 980px) 100vw, 980px\" \/><\/figure><div class=\"wp-block-media-text__content\">\n<p><\/p>\n\n\n\n<p class=\"has-text-align-center has-text-color has-x-large-font-size\" style=\"color:#2c946e\"><strong>DESCARGA DIRECTA<\/strong> <strong>DE<\/strong> <strong>FORMULARIOS PARA DOCENTES<\/strong><\/p>\n<\/div><\/div>\n\n\n\n<p class=\"has-medium-font-size\"><strong><em>Ac\u00e1 se encuentran todos los formularios de uso com\u00fan para el docente que se encuentran en el Manual de Procedimientos Administrativos para los institutos de Educaci\u00f3n Superior<\/em><\/strong><\/p>\n\n\n\n<br>\n<br>\n\n\n\n<div class=\"wp-block-buttons is-layout-flex\">\n<div class=\"wp-block-button has-custom-width wp-block-button__width-100 has-custom-font-size is-style-outline has-medium-font-size\"><a class=\"wp-block-button__link has-contrast-color has-text-color has-background wp-element-button\" href=\"https:\/\/drive.google.com\/drive\/folders\/10X2wMxJLW3vV0ov3FInXI8nTFXuJJWK0?usp=sharing\" style=\"background:linear-gradient(135deg,rgb(122,220,180) 89%,rgb(0,208,130) 100%)\" target=\"_blank\" rel=\"noreferrer noopener\"><strong>REPOSITORIO DE C\u00d3DIGOS DE LAS MATERIAS DE SUPERIOR<\/strong><\/a><\/div>\n<\/div>\n\n\n\n<div class=\"wp-block-buttons is-layout-flex\">\n<div class=\"wp-block-button has-custom-width wp-block-button__width-100 has-custom-font-size is-style-outline has-medium-font-size\"><a class=\"wp-block-button__link has-contrast-color has-text-color has-background wp-element-button\" href=\"https:\/\/docs.google.com\/document\/d\/1qD72xSFKgYuNjxT7aw1FLYr9rpngcxbz\/export?format=docx\" style=\"background:linear-gradient(135deg,rgb(122,220,180) 62%,rgb(0,208,130) 100%)\"><strong>D1 DECLARACI\u00d3N JURADA DE SUPERIOR<\/strong> <\/a><\/div>\n<\/div>\n\n\n\n<div class=\"wp-block-buttons is-layout-flex\">\n<div class=\"wp-block-button has-custom-width wp-block-button__width-100 has-custom-font-size is-style-outline has-medium-font-size\"><a class=\"wp-block-button__link has-contrast-color has-text-color has-background wp-element-button\" href=\"https:\/\/docs.google.com\/document\/d\/1Ns6hYF4X0r5iF4t7jU6LjKLOQX25ezl9\/export?format=docx\" style=\"background:linear-gradient(135deg,rgb(122,220,180) 39%,rgb(0,208,130) 97%)\"><strong>D2 LEGAJO PERSONAL DOCENTE<\/strong><\/a><\/div>\n<\/div>\n\n\n\n<div class=\"wp-block-buttons is-layout-flex\">\n<div class=\"wp-block-button has-custom-width wp-block-button__width-100 has-custom-font-size is-style-outline has-medium-font-size\"><a class=\"wp-block-button__link has-contrast-color has-text-color has-background wp-element-button\" href=\"https:\/\/drive.google.com\/uc?export=download&amp;id=1sCwEr3OotuqI5dEUEZ9YoYTnC9YjPu5m\" style=\"background:linear-gradient(135deg,rgb(122,220,180) 39%,rgb(0,208,130) 100%)\"><strong>D3 ACTUALIZACI\u00d3N DEL LEGAJO DOCENTE<\/strong><\/a><\/div>\n<\/div>\n\n\n\n<div class=\"wp-block-buttons is-layout-flex\">\n<div class=\"wp-block-button has-custom-width wp-block-button__width-100 has-custom-font-size is-style-outline has-medium-font-size\"><a class=\"wp-block-button__link has-contrast-color has-text-color has-background wp-element-button\" href=\"https:\/\/drive.google.com\/uc?export=download&amp;id=1TnoGONQ0PCpxJ-XIPoYobYKMQpdxY5jb\" style=\"background:linear-gradient(135deg,rgb(122,220,180) 51%,rgb(0,208,130) 100%)\"><strong>D6b SOLICITUD DE JUSTIFICACI\u00d3N DE \u00abLLEGADA TARDE\u00bb y\/o RETIRO \u00abANTICIPADO\u00bb<\/strong><\/a><\/div>\n<\/div>\n\n\n\n<div class=\"wp-block-buttons is-layout-flex\">\n<div class=\"wp-block-button has-custom-width wp-block-button__width-100 has-custom-font-size is-style-outline has-medium-font-size\"><a class=\"wp-block-button__link has-contrast-color has-text-color has-background wp-element-button\" href=\"https:\/\/drive.google.com\/uc?export=download&amp;id=1heqbtbrCJk9VUGwW-PwsN3RUWd0UDrpJ\" style=\"background:linear-gradient(135deg,rgb(122,220,180) 45%,rgb(0,208,130) 100%)\"><strong>D7a RENUNCIA POR CAUSAS PARTICULARES (personal docente titular exclusivamente)<\/strong><\/a><\/div>\n<\/div>\n\n\n\n<div class=\"wp-block-buttons is-layout-flex\">\n<div class=\"wp-block-button has-custom-width wp-block-button__width-100 has-custom-font-size is-style-outline has-medium-font-size\"><a class=\"wp-block-button__link has-contrast-color has-text-color has-background wp-element-button\" href=\"https:\/\/drive.google.com\/uc?export=download&amp;id=1lPmgnieEE_Mgb696cU7_SDgPqsT1haMs\" style=\"background:linear-gradient(135deg,rgb(122,220,180) 53%,rgb(0,208,130) 100%)\"><strong>D7b RENUNCIA DE M\u00d3DULOS \/ HORAS CATEDRAS PROV \/ SUPL<\/strong><\/a><\/div>\n<\/div>\n\n\n\n<div class=\"wp-block-buttons is-layout-flex\">\n<div class=\"wp-block-button has-custom-width wp-block-button__width-100 has-custom-font-size is-style-outline has-medium-font-size\"><a class=\"wp-block-button__link has-contrast-color has-text-color has-background wp-element-button\" href=\"https:\/\/drive.google.com\/uc?export=download&amp;id=16G4mlNB9J0SKmY3npWMM-5uKIuyQ7k7U\" style=\"background:linear-gradient(135deg,rgb(122,220,180) 81%,rgb(0,208,130) 100%)\"><strong>D10a CONSTANCIA DE ASISTENCIA<\/strong><\/a><\/div>\n<\/div>\n\n\n\n<div class=\"wp-block-buttons is-layout-flex\">\n<div class=\"wp-block-button has-custom-width wp-block-button__width-100 has-custom-font-size is-style-outline has-medium-font-size\"><a class=\"wp-block-button__link has-contrast-color has-text-color has-background wp-element-button\" href=\"https:\/\/drive.google.com\/uc?export=download&amp;id=1VrJohG04A-WPGjH43mAxt8OT8Q7AVKBZ\" style=\"background:linear-gradient(135deg,rgb(122,220,180) 84%,rgb(0,208,130) 100%)\"><strong>D10b CONSTANCIA DE ASISTENCIA A MESA EXAMINADORA<\/strong><\/a><\/div>\n<\/div>\n\n\n\n<div class=\"wp-block-buttons is-layout-flex\">\n<div class=\"wp-block-button has-custom-width wp-block-button__width-100 has-custom-font-size is-style-outline has-medium-font-size\"><a class=\"wp-block-button__link has-contrast-color has-text-color has-background wp-element-button\" href=\"https:\/\/drive.google.com\/uc?export=download&amp;id=1w58zNbBFFiFTmas7oDRYrS1uerYiotaI\" style=\"background:linear-gradient(135deg,rgb(122,220,180) 71%,rgb(0,208,130) 100%)\"><strong>D10c CONSTANCIA DE DESEMPE\u00d1O EN EL INSTITUTO<\/strong><\/a><\/div>\n<\/div>\n\n\n\n<div class=\"wp-block-buttons is-layout-flex\">\n<div class=\"wp-block-button has-custom-width wp-block-button__width-100 has-custom-font-size is-style-outline has-medium-font-size\"><a class=\"wp-block-button__link has-contrast-color has-text-color has-background wp-element-button\" href=\"https:\/\/drive.google.com\/uc?export=download&amp;id=1hro3Kc-EZdl6aYOulN5MwsICRoQvYWyN\" style=\"background:linear-gradient(135deg,rgb(122,220,180) 70%,rgb(0,208,130) 100%)\"><strong>D10d CERTIFICACI\u00d3N DE SERVICIOS<\/strong><\/a><\/div>\n<\/div>\n\n\n\n<div class=\"wp-block-buttons is-layout-flex\">\n<div class=\"wp-block-button has-custom-width wp-block-button__width-100 has-custom-font-size is-style-outline has-medium-font-size\"><a class=\"wp-block-button__link has-contrast-color has-text-color has-background wp-element-button\" href=\"https:\/\/drive.google.com\/uc?export=download&amp;id=1zedqa6RpMY_rQEWtLslOy04RSw3009fb\" style=\"background:linear-gradient(135deg,rgb(122,220,180) 84%,rgb(0,208,130) 100%)\"><strong>LICENCIA 115 D1 &#8211; CARGO POR MAYOR JERARQU\u00cdA QUE NO GOZA DE ESTABILIDAD LABORAL<\/strong><\/a><\/div>\n<\/div>\n\n\n\n<div class=\"wp-block-buttons is-layout-flex\">\n<div class=\"wp-block-button has-custom-width wp-block-button__width-100 has-custom-font-size is-style-outline has-medium-font-size\"><a class=\"wp-block-button__link has-contrast-color has-text-color has-background wp-element-button\" href=\"https:\/\/drive.google.com\/uc?export=download&amp;id=15s-BFaUh-6UFtPWjayAk32FqHVGeFFyO\" style=\"background:linear-gradient(135deg,rgb(122,220,180) 79%,rgb(0,208,130) 100%)\"><strong>FICHA DE IOMA<\/strong><\/a><\/div>\n<\/div>\n","protected":false},"excerpt":{"rendered":"<p>DESCARGA DIRECTA DE FORMULARIOS PARA DOCENTES Ac\u00e1 se encuentran todos los formularios de uso com\u00fan para el docente que se encuentran en el Manual de Procedimientos Administrativos para los institutos de Educaci\u00f3n Superior<\/p>\n","protected":false},"author":1500,"featured_media":0,"parent":0,"menu_order":0,"comment_status":"closed","ping_status":"closed","template":"","meta":[],"acf":[],"_links":{"self":[{"href":"https:\/\/isfd82-bue.infd.edu.ar\/sitio\/wp-json\/wp\/v2\/pages\/1389"}],"collection":[{"href":"https:\/\/isfd82-bue.infd.edu.ar\/sitio\/wp-json\/wp\/v2\/pages"}],"about":[{"href":"https:\/\/isfd82-bue.infd.edu.ar\/sitio\/wp-json\/wp\/v2\/types\/page"}],"author":[{"embeddable":true,"href":"https:\/\/isfd82-bue.infd.edu.ar\/sitio\/wp-json\/wp\/v2\/users\/1500"}],"replies":[{"embeddable":true,"href":"https:\/\/isfd82-bue.infd.edu.ar\/sitio\/wp-json\/wp\/v2\/comments?post=1389"}],"version-history":[{"count":11,"href":"https:\/\/isfd82-bue.infd.edu.ar\/sitio\/wp-json\/wp\/v2\/pages\/1389\/revisions"}],"predecessor-version":[{"id":3505,"href":"https:\/\/isfd82-bue.infd.edu.ar\/sitio\/wp-json\/wp\/v2\/pages\/1389\/revisions\/3505"}],"wp:attachment":[{"href":"https:\/\/isfd82-bue.infd.edu.ar\/sitio\/wp-json\/wp\/v2\/media?parent=1389"}],"curies":[{"name":"wp","href":"https:\/\/api.w.org\/{rel}","templated":true}]}}