{"id":1395,"date":"2019-03-24T20:46:37","date_gmt":"2019-03-24T23:46:37","guid":{"rendered":"https:\/\/isfd82-bue.infd.edu.ar\/sitio\/?page_id=1395"},"modified":"2019-03-24T20:46:37","modified_gmt":"2019-03-24T23:46:37","slug":"declaracion-jurada","status":"publish","type":"page","link":"https:\/\/isfd82-bue.infd.edu.ar\/sitio\/declaracion-jurada\/","title":{"rendered":"Declaraci\u00f3n Jurada"},"content":{"rendered":"<p><strong><span style=\"color: #339966;\">\u00a0Declaraci\u00f3n Jurada<\/span><\/strong><\/p>\n<p>Estimados docentes, recuerden que el formato de Declaraci\u00f3n Jurada de Incompatibilidad Horaria del Nivel Superior es diferente al de otros niveles, por lo tanto enviamos en este correo un adjunto con el formato que se debe utilizar.<\/p>\n<div>Les aclaramos ciertos puntos a tener en cuenta este a\u00f1o para su confecci\u00f3n, a saber:<\/div>\n<div>A &#8211;\u00a0 Debe colocar el horario de clases que corresponde a nuestra instituci\u00f3n, seg\u00fan el turno en el que se desempe\u00f1e<\/div>\n<div>B &#8211;\u00a0 Debe discriminar las materias dictadas con su nombre, curso y carrera (Se adjunta c\u00f3digos de materias provistos por la DPES). Separando las horas titulares de las provisionales y suplentes.<\/div>\n<div>Si tiene horas relevadas por un cargo de mayor jerarqu\u00eda, debe aclararlo y colocar la disposici\u00f3n correspondiente.<\/div>\n<div>C &#8211; Debe estar correctamente confeccionada, se deja para su firma y se retiran 72 horas despu\u00e9s.<\/div>\n<div>D &#8211;\u00a0 Al entregar la declaraci\u00f3n jurada correspondiente a la instituci\u00f3n, complete la grilla de entrega y firme, as\u00ed no habr\u00e1 problema alguno<\/div>\n<div>E &#8211; La fecha de entrega es el 30\/04<\/div>\n<div>F &#8211; Se les recomienda leer el adjunto \u00abPresentaci\u00f3n de Declaraciones Juradas\u00bb<\/div>\n<p><strong><span style=\"color: #339966;\"><span style=\"color: #0000ff;\"><span style=\"font-family: 'book antiqua', palatino; font-size: 14pt;\"> \u00a0 \u00a0 \u00a0 <a title=\"https:\/\/drive.google.com\/drive\/folders\/10X2wMxJLW3vV0ov3FInXI8nTFXuJJWK0?usp=sharing\" href=\"https:\/\/drive.google.com\/drive\/folders\/10X2wMxJLW3vV0ov3FInXI8nTFXuJJWK0?usp=sharing\">Instructivo para confeccionar la DDJJ<\/a><a title=\"https:\/\/drive.google.com\/drive\/folders\/10X2wMxJLW3vV0ov3FInXI8nTFXuJJWK0?usp=sharing\" href=\"https:\/\/drive.google.com\/drive\/folders\/10X2wMxJLW3vV0ov3FInXI8nTFXuJJWK0?usp=sharing\"><img decoding=\"async\" loading=\"lazy\" src=\"http:\/\/static.miweb.paginasamarillas.es\/var\/m_d\/d8\/d82\/8478\/561391-icono-formulario-de-contacto-verde.png\" width=\"31\" height=\"27\" border=\"0\" \/><\/a><\/span><\/span><\/span><\/strong><\/p>\n<p><strong><span style=\"color: #339966;\"><span style=\"color: #0000ff;\"><span style=\"font-family: 'book antiqua', palatino; font-size: 14pt;\">\u00a0 \u00a0 \u00a0 \u00a0 \u00a0 \u00a0 \u00a0C<\/span><span style=\"font-family: 'book antiqua', palatino; font-size: 14pt;\">lickeado sobre el \u00edcono, se abre una carpeta y all\u00ed \u00a0 \u00a0 \u00a0 \u00a0 \u00a0 \u00a0 \u00a0 \u00a0 \u00a0 \u00a0 \u00a0 \u00a0 \u00a0 \u00a0 \u00a0encontrar\u00e1n los formularios que necesiten<\/span><a style=\"font-family: 'book antiqua', palatino; font-size: 18.6667px;\" href=\"https:\/\/drive.google.com\/drive\/folders\/0B0O3aRK-lXTqM0tfWGZiMUlhS2M?usp=sharing\"><img decoding=\"async\" loading=\"lazy\" style=\"display: block; margin-left: auto; margin-right: auto;\" src=\"http:\/\/static.miweb.paginasamarillas.es\/var\/m_d\/d8\/d82\/8478\/561391-icono-formulario-de-contacto-verde.png\" width=\"65\" height=\"57\" border=\"0\" \/><\/a><\/span><\/span><\/strong><\/p>\n<p><strong><span style=\"font-family: 'book antiqua', palatino; font-size: 14pt; color: #339966;\">\u00a0 \u00a0 \u00a0 \u00a0 \u00a0 Pueden bajarlo <img decoding=\"async\" loading=\"lazy\" src=\"https:\/\/encrypted-tbn1.gstatic.com\/images?q=tbn:ANd9GcTsWx_8A77qvjIUDdxdCKhhJXQ31K0_NLsIvm34FcK9x8Qa2oqq\" width=\"26\" height=\"26\" border=\"0\" \/>o imprimirlo <img decoding=\"async\" loading=\"lazy\" src=\"https:\/\/mir-s3-cdn-cf.behance.net\/project_modules\/disp\/89e6c815899853.562b540ef128a.png\" width=\"29\" height=\"29\" border=\"0\" \/>desde la p\u00e1gina<\/span><\/strong><\/p>\n","protected":false},"excerpt":{"rendered":"<p>\u00a0Declaraci\u00f3n Jurada Estimados docentes, recuerden que el formato de Declaraci\u00f3n Jurada de Incompatibilidad Horaria del Nivel Superior es diferente al de otros niveles, por lo tanto enviamos en este correo un adjunto con el formato que se debe utilizar. Les aclaramos ciertos puntos a tener en cuenta este a\u00f1o para su confecci\u00f3n, a saber: A &#8230; <a title=\"Declaraci\u00f3n Jurada\" class=\"read-more\" href=\"https:\/\/isfd82-bue.infd.edu.ar\/sitio\/declaracion-jurada\/\" aria-label=\"More on Declaraci\u00f3n Jurada\">[+]<\/a><\/p>\n","protected":false},"author":7,"featured_media":0,"parent":0,"menu_order":0,"comment_status":"closed","ping_status":"closed","template":"","meta":[],"acf":[],"_links":{"self":[{"href":"https:\/\/isfd82-bue.infd.edu.ar\/sitio\/wp-json\/wp\/v2\/pages\/1395"}],"collection":[{"href":"https:\/\/isfd82-bue.infd.edu.ar\/sitio\/wp-json\/wp\/v2\/pages"}],"about":[{"href":"https:\/\/isfd82-bue.infd.edu.ar\/sitio\/wp-json\/wp\/v2\/types\/page"}],"author":[{"embeddable":true,"href":"https:\/\/isfd82-bue.infd.edu.ar\/sitio\/wp-json\/wp\/v2\/users\/7"}],"replies":[{"embeddable":true,"href":"https:\/\/isfd82-bue.infd.edu.ar\/sitio\/wp-json\/wp\/v2\/comments?post=1395"}],"version-history":[{"count":1,"href":"https:\/\/isfd82-bue.infd.edu.ar\/sitio\/wp-json\/wp\/v2\/pages\/1395\/revisions"}],"predecessor-version":[{"id":1396,"href":"https:\/\/isfd82-bue.infd.edu.ar\/sitio\/wp-json\/wp\/v2\/pages\/1395\/revisions\/1396"}],"wp:attachment":[{"href":"https:\/\/isfd82-bue.infd.edu.ar\/sitio\/wp-json\/wp\/v2\/media?parent=1395"}],"curies":[{"name":"wp","href":"https:\/\/api.w.org\/{rel}","templated":true}]}}