{"id":1906,"date":"2020-04-08T20:31:45","date_gmt":"2020-04-08T23:31:45","guid":{"rendered":"https:\/\/isfd82-bue.infd.edu.ar\/sitio\/?page_id=1906"},"modified":"2026-04-07T00:52:43","modified_gmt":"2026-04-07T03:52:43","slug":"espacio-de-acompanamiento-aulas-virtuales-para-estudiantes","status":"publish","type":"page","link":"https:\/\/isfd82-bue.infd.edu.ar\/sitio\/espacio-de-acompanamiento-aulas-virtuales-para-estudiantes\/","title":{"rendered":"Tutoriales &#8211; Campus Virtual"},"content":{"rendered":"<hr>\n<p><img decoding=\"async\" loading=\"lazy\" class=\"wp-image-1907 aligncenter\" src=\"https:\/\/isfd82-bue.infd.edu.ar\/sitio\/wp-content\/uploads\/2020\/04\/aula-virtual.png\" alt=\"\" width=\"490\" height=\"152\" data-stories_space_upload_el_handled=\"1\"><\/p>\n<p style=\"text-align: center;\"><a href=\"https:\/\/www.youtube.com\/watch?v=wnvRCVQlgcw\">Tutorial Primeros Pasos<\/a><\/p>\n<p style=\"text-align: center;\"><a href=\"https:\/\/drive.google.com\/open?id=1zDR6LXI5P7BSYTlH90MXXFl2shgl5f50\">\u00bfC\u00f3mo ingresar al Aula Virtual?<\/a><\/p>\n<p style=\"text-align: center;\"><a href=\"https:\/\/drive.google.com\/open?id=10ca3cVYp8029GkHCFgiGSeS3cBHh4IOB\">Configuraci\u00f3n del Perfil de Usuario<\/a><\/p>\n<p style=\"text-align: center;\"><a href=\"https:\/\/drive.google.com\/open?id=1xQP77QOcwoiWu8gLvy_SGcBsMtCHfO6D\">Como navegar en la red y no perdernos<\/a><\/p>\n<p style=\"text-align: center;\"><a href=\"https:\/\/drive.google.com\/open?id=1fXCyoIlr4_MG-eZ3S7Gi32yEIC-Gb0xi\">Campus virtual en tu m\u00f3vil<\/a><\/p>\n<p style=\"text-align: center;\"><a href=\"https:\/\/drive.google.com\/open?id=1vsay70ROuTvgAaSDNMqVPH4yqXEXlu03\">Como se env\u00edan y reciben mensajes en el Campus<\/a><\/p>\n<p style=\"text-align: center;\"><a href=\"https:\/\/drive.google.com\/open?id=1856-T5Xt91J0k3TPYI0elEtYLKB6jdyl\">Foro: Recomendaciones para Participar<\/a><\/p>\n<hr>\n<p><img decoding=\"async\" loading=\"lazy\" class=\"aligncenter\" src=\"https:\/\/tic.infd.edu.ar\/wp-content\/uploads\/2020\/03\/banner-home-estudiantes.png\" width=\"276\" height=\"276\" data-stories_space_upload_el_handled=\"1\"><\/p>\n<h4 class=\"entry-title\" style=\"text-align: center;\"><a href=\"https:\/\/tic.infd.edu.ar\/estudiantes\/\">Materiales para estudiantes<\/a><\/h4>\n<p class=\"stories_space_img_parent_el\">\n<p class=\"stories_space_img_parent_el\"><img decoding=\"async\" class=\"aligncenter\" src=\"https:\/\/tic.infd.edu.ar\/wp-content\/uploads\/2020\/04\/banner-tutorial-recursos.png\" data-stories_space_upload_el_handled=\"1\"><\/p>\n<div class=\"stories_space_upload_external\" style=\"top: 1573px; left: 15px;\" title=\"Upload to Instagram Story\"><\/div>\n<header class=\"entry-header\">\n<h3 class=\"entry-title\"><span style=\"color: #33cccc;\">Recursos<\/span><\/h3>\n<\/header>\n<div class=\"entry-content\">\n<p><a href=\"https:\/\/tic.infd.edu.ar\/recursos-web\/\">Colecciones de recursos compartidos para aprovechar en la web<\/a><\/p>\n<p>Por m\u00e1s consultas:<\/p>\n<ul>\n<li><a href=\"https:\/\/tic.infd.edu.ar\">https:<strong>\/\/tic.infd.edu.ar<\/strong><\/a><\/li>\n<\/ul>\n<\/div>\n","protected":false},"excerpt":{"rendered":"<p>Tutorial Primeros Pasos \u00bfC\u00f3mo ingresar al Aula Virtual? Configuraci\u00f3n del Perfil de Usuario Como navegar en la red y no perdernos Campus virtual en tu m\u00f3vil Como se env\u00edan y reciben mensajes en el Campus Foro: Recomendaciones para Participar Materiales para estudiantes Recursos Colecciones de recursos compartidos para aprovechar en la web Por m\u00e1s consultas: &#8230; <a title=\"Tutoriales &#8211; Campus Virtual\" class=\"read-more\" href=\"https:\/\/isfd82-bue.infd.edu.ar\/sitio\/espacio-de-acompanamiento-aulas-virtuales-para-estudiantes\/\" aria-label=\"More on Tutoriales &#8211; Campus Virtual\">[+]<\/a><\/p>\n","protected":false},"author":595,"featured_media":0,"parent":0,"menu_order":0,"comment_status":"closed","ping_status":"closed","template":"","meta":[],"acf":[],"_links":{"self":[{"href":"https:\/\/isfd82-bue.infd.edu.ar\/sitio\/wp-json\/wp\/v2\/pages\/1906"}],"collection":[{"href":"https:\/\/isfd82-bue.infd.edu.ar\/sitio\/wp-json\/wp\/v2\/pages"}],"about":[{"href":"https:\/\/isfd82-bue.infd.edu.ar\/sitio\/wp-json\/wp\/v2\/types\/page"}],"author":[{"embeddable":true,"href":"https:\/\/isfd82-bue.infd.edu.ar\/sitio\/wp-json\/wp\/v2\/users\/595"}],"replies":[{"embeddable":true,"href":"https:\/\/isfd82-bue.infd.edu.ar\/sitio\/wp-json\/wp\/v2\/comments?post=1906"}],"version-history":[{"count":7,"href":"https:\/\/isfd82-bue.infd.edu.ar\/sitio\/wp-json\/wp\/v2\/pages\/1906\/revisions"}],"predecessor-version":[{"id":4423,"href":"https:\/\/isfd82-bue.infd.edu.ar\/sitio\/wp-json\/wp\/v2\/pages\/1906\/revisions\/4423"}],"wp:attachment":[{"href":"https:\/\/isfd82-bue.infd.edu.ar\/sitio\/wp-json\/wp\/v2\/media?parent=1906"}],"curies":[{"name":"wp","href":"https:\/\/api.w.org\/{rel}","templated":true}]}}